{"id":475,"date":"2023-05-23T13:10:19","date_gmt":"2023-05-23T11:10:19","guid":{"rendered":"http:\/\/opskonopnica.pl\/?page_id=475"},"modified":"2024-02-06T10:51:58","modified_gmt":"2024-02-06T09:51:58","slug":"pracownicy-socjalni","status":"publish","type":"page","link":"https:\/\/opskonopnica.pl\/index.php\/pracownicy-socjalni\/","title":{"rendered":"Pracownicy socjalni"},"content":{"rendered":"\n<p class=\"has-text-align-center\"><strong>REJONY OPIEKU\u0143CZE<\/strong><br><strong>PRACOWNIK\u00d3W SOCJALNYCH<\/strong><br><strong>OD 01.02.2024 R.<\/strong><br><\/p>\n\n\n\n<figure class=\"wp-block-table\"><table><tbody><tr><td><strong>L.p.<\/strong><\/td><td><strong>Imi\u0119 i nazwisko<\/strong><br><\/td><td><strong>Miejscowo\u015b\u0107<\/strong><\/td><td><strong>Zadania<\/strong><\/td><\/tr><tr><td>1<\/td><td><strong>Starszy specjalista pracy socjalnej<\/strong><br><strong>Agnieszka Kruk<\/strong><br><strong>pok. 27<\/strong><\/td><td>Marynin Kozubszczyzna Radawiec Du\u017cy<\/td><td>Rozliczanie dotacji programu \u201ePosi\u0142ek w szkole i w domu\u201d<br>Rozliczanie us\u0142ug opieku\u0144czych<br>Rozliczanie nale\u017cno\u015bci z tytu\u0142u ustawy o pieczy zast\u0119pczej<br>Sprawozdania<\/td><\/tr><tr><td>2<\/td><td><strong>Starszy specjalista pracy socjalnej<\/strong><br><strong>Marcin Mazurek<\/strong><br><strong>pok. 27<\/strong><\/td><td>Radawiec Ma\u0142y Radawczyk II Stasin (Polny) Zemborzyce: Dolne, Podle\u015bne, Tereszy\u0144skie, Wojciechowskie<\/td><td><br>Program \u201eKorpus wsparcia Senior\u00f3w\u201d<br>Posi\u0142ki dla Obywateli Ukrainy<br>Sprawozdania<\/td><\/tr><tr><td>3<\/td><td><strong>Pracownik socjalny<\/strong><br><strong>Magdalena Wadowska<\/strong><br><strong>pok. 24<\/strong><\/td><td>Konopnica Lipniak Motycz &#8211; J\u00f3zefin Stasin (Le\u015bny) Szerokie Tereszyn Uniszowice<\/td><td><br>Program \u201eOpieka wytchnieniowa\u201d<br>Program \u201eAsystent osobisty osoby niepe\u0142nosprawnej\u201d<\/td><\/tr><tr><td>4<\/td><td><strong>Starszy specjalista pracy socjalnej<\/strong><br><strong>Justyna \u017bydek<\/strong><br><strong>pok. 24<\/strong><\/td><td>Motycz Motycz Le\u015bny Pawlin Sporniak<\/td><td>Obs\u0142uga NK, Zespo\u0142u Interdyscyplinarnego<br>Dzienny Dom Pobytu dla Os\u00f3b Starszych i Niepe\u0142nosprawnych w Maryninie<\/td><\/tr><\/tbody><\/table><\/figure>\n","protected":false},"excerpt":{"rendered":"<p>REJONY OPIEKU\u0143CZEPRACOWNIK\u00d3W SOCJALNYCHOD 01.02.2024 R. L.p. Imi\u0119 i nazwisko Miejscowo\u015b\u0107 Zadania 1 Starszy specjalista pracy socjalnejAgnieszka Krukpok. 27 Marynin Kozubszczyzna Radawiec Du\u017cy Rozliczanie dotacji programu \u201ePosi\u0142ek w szkole i w domu\u201dRozliczanie us\u0142ug opieku\u0144czychRozliczanie nale\u017cno\u015bci z tytu\u0142u ustawy o pieczy zast\u0119pczejSprawozdania 2 Starszy specjalista pracy socjalnejMarcin Mazurekpok. 27 Radawiec Ma\u0142y Radawczyk II Stasin (Polny) Zemborzyce: Dolne, &hellip; <\/p>\n<p class=\"link-more\"><a href=\"https:\/\/opskonopnica.pl\/index.php\/pracownicy-socjalni\/\" class=\"more-link\">Czytaj dalej<span class=\"screen-reader-text\"> \u201ePracownicy socjalni\u201d<\/span><\/a><\/p>\n","protected":false},"author":1,"featured_media":0,"parent":0,"menu_order":0,"comment_status":"closed","ping_status":"closed","template":"","meta":{"footnotes":""},"class_list":["post-475","page","type-page","status-publish","hentry"],"_links":{"self":[{"href":"https:\/\/opskonopnica.pl\/index.php\/wp-json\/wp\/v2\/pages\/475","targetHints":{"allow":["GET"]}}],"collection":[{"href":"https:\/\/opskonopnica.pl\/index.php\/wp-json\/wp\/v2\/pages"}],"about":[{"href":"https:\/\/opskonopnica.pl\/index.php\/wp-json\/wp\/v2\/types\/page"}],"author":[{"embeddable":true,"href":"https:\/\/opskonopnica.pl\/index.php\/wp-json\/wp\/v2\/users\/1"}],"replies":[{"embeddable":true,"href":"https:\/\/opskonopnica.pl\/index.php\/wp-json\/wp\/v2\/comments?post=475"}],"version-history":[{"count":4,"href":"https:\/\/opskonopnica.pl\/index.php\/wp-json\/wp\/v2\/pages\/475\/revisions"}],"predecessor-version":[{"id":545,"href":"https:\/\/opskonopnica.pl\/index.php\/wp-json\/wp\/v2\/pages\/475\/revisions\/545"}],"wp:attachment":[{"href":"https:\/\/opskonopnica.pl\/index.php\/wp-json\/wp\/v2\/media?parent=475"}],"curies":[{"name":"wp","href":"https:\/\/api.w.org\/{rel}","templated":true}]}}