{"id":7,"date":"2020-09-25T07:46:34","date_gmt":"2020-09-25T05:46:34","guid":{"rendered":"http:\/\/opskonopnica.pl\/?page_id=7"},"modified":"2020-09-25T08:06:27","modified_gmt":"2020-09-25T06:06:27","slug":"o-nas","status":"publish","type":"page","link":"https:\/\/opskonopnica.pl\/index.php\/o-nas\/","title":{"rendered":"Dobry start"},"content":{"rendered":"\n<p>Program \u201eDobry Start\u201d to inwestycja w edukacj\u0119 polskich dzieci, a zarazem realizacja obietnicy z\u0142o\u017conej przez premiera Mateusza Morawieckiego, kt\u00f3ry zapowiedzia\u0142 wsparcie rodzin w ponoszeniu wydatk\u00f3w zwi\u0105zanych z rozpocz\u0119ciem roku szkolnego.<\/p>\n\n\n\n<p><strong>Dla kogo \u015bwiadczenie dobry start?<\/strong><\/p>\n\n\n\n<p>\u015awiadczenie dobry start przys\u0142uguje raz w roku na dziecko ucz\u0105ce si\u0119 w szkole a\u017c do uko\u0144czenia przez nie 20 roku \u017cycia. Dzieci niepe\u0142nosprawne, ucz\u0105ce si\u0119 w szkole, otrzymaj\u0105 \u015bwiadczenie do uko\u0144czenia przez nie 24 roku \u017cycia. \u015awiadczenie b\u0119dzie przys\u0142ugiwa\u0107 tak\u017ce na dzieci, kt\u00f3re uko\u0144czy\u0142y 20 rok \u017cycia (lub 24 w przypadku dzieci niepe\u0142nosprawnych), ale tylko w sytuacji kiedy dziecko uko\u0144czy\u0142o 20 lat\/24 lata w roku kalendarzowym, w kt\u00f3rym rozpoczyna si\u0119 rok szkolny.<\/p>\n\n\n\n<p>Program obejmuje dzieci wychowuj\u0105ce si\u0119 zar\u00f3wno w rodzinach, jak i te przebywaj\u0105ce w pieczy zast\u0119pczej. \u015awiadczenie dobry start nie przys\u0142uguje na dzieci ucz\u0119szczaj\u0105ce do przedszkola oraz dzieci realizuj\u0105ce roczne przygotowania przedszkolne w tzw. zer\u00f3wce w przedszkolu lub szkole.<\/p>\n\n\n\n<p><strong>Jak dosta\u0107 \u015bwiadczenie?<\/strong><\/p>\n\n\n\n<p>Aby otrzyma\u0107 wsparcie, nale\u017cy z\u0142o\u017cy\u0107 wniosek. Mo\u017ce to zrobi\u0107 mama lub tata dziecka, opiekun prawny lub opiekun faktyczny dziecka(czyli osoba, kt\u00f3ra sprawuje faktyczna opike nad dzieckiem i wyst\u0105pi\u0142a do s\u0105du o adopcj\u0119 tego dziecka), a w przypadku dzieci przebywaj\u0105cych w pieczy zast\u0119pczej \u2013 rodzic zast\u0119pczy, osoba prowadz\u0105ca rodzinny dom dziecka lub dyrektor plac\u00f3wki opieku\u0144czo-wychowawczej.<\/p>\n\n\n\n<p><strong>Wnioski online ju\u017c teraz<\/strong><\/p>\n\n\n\n<p>Wnioski o \u015bwiadczenie dobry start od 1 lipca mo\u017cna sk\u0142ada\u0107 drog\u0105 elektroniczn\u0105 przez ministerialny portal&nbsp;<a href=\"http:\/\/www.empatia.mrpips.gov.pl\/\">www.empatia.mrpips.gov.pl&nbsp;<\/a>lub bankowo\u015b\u0107 elektroniczn\u0105.<\/p>\n\n\n\n<p><strong>Papierowe wnioski od 1 sierpnia<\/strong><\/p>\n\n\n\n<p>Przyjmowanie wniosk\u00f3w papierowych rozpocznie si\u0119 1 sierpnia. Miejscem sk\u0142adania i realizacji wniosk\u00f3w b\u0119d\u0105 te&nbsp; same instytucje, kt\u00f3re realizuj\u0105 obecnie \u015bwiadczenie wychowawcze w ramach programu \u201eRodzina 500+\u201d. W przypadku rodzin zast\u0119pczych wnioski b\u0119d\u0105 sk\u0142adane do powiatowych centr\u00f3w pomocy rodzinie. O tym, o jak\u0105 instytucj\u0119 mo\u017ce chodzi\u0107, przeczytasz&nbsp;<a href=\"https:\/\/www.mpips.gov.pl\/aktualnosci-wszystkie\/swiadczenia-rodzinne\/art,9987,dobry-start-dla-ucznia.html\">tutaj<\/a>.<\/p>\n\n\n\n<p><strong>Kiedy dostan\u0119 wsparcie?<\/strong><\/p>\n\n\n\n<p>Im wcze\u015bniej rodzina z\u0142o\u017cy wniosek, tym szybciej trafi do niej \u015bwiadczenie dobry start. Z\u0142o\u017cenie wniosku w lipcu lub sierpniu gwarantuje wyp\u0142at\u0119 \u015bwiadczenia nie p\u00f3\u017aniej ni\u017c do 30 wrze\u015bnia.<\/p>\n\n\n\n<p><strong>Nie przegap terminu!<\/strong><\/p>\n\n\n\n<p>Uwaga! Je\u015bli chcesz otrzyma\u0107 wsparcie, wniosek nale\u017cy z\u0142o\u017cy\u0107 najp\u00f3\u017aniej do 30 listopada. W przeciwnym razie prawo do \u015bwiadczenia dobry start przepadnie.<\/p>\n\n\n\n<p><strong>Wi\u0119cej pieni\u0119dzy w domowym bud\u017cecie<\/strong><\/p>\n\n\n\n<p>Rodziny otrzymaj\u0105 now\u0105 form\u0119 wsparcia bez wzgl\u0119du na doch\u00f3d. Warto podkre\u015bli\u0107, \u015bwiadczenie z programu \u201eDobry Start\u201d jest zwolnione od podatku. Co wi\u0119cej, nie podlega egzekucji ani wliczeniu do dochodu przy ustalaniu prawa do \u015bwiadcze\u0144 z innych system\u00f3w wsparcia.<\/p>\n\n\n\n<p><strong>\u201eDobry Start\u201d w&nbsp; liczbach<\/strong><\/p>\n\n\n\n<p>Wsparcie z programu \u201eDobry Start\u201d trafi do 4,6 mln dzieci, wychowuj\u0105cych si\u0119 w ok. 3 mln 400 tys. rodzin. W 2018 roku na realizacj\u0119 programu rz\u0105d przeznaczy z bud\u017cetu pa\u0144stwa ok. 1,4 mld z\u0142.<\/p>\n\n\n\n<p><strong>\u0141atwiejsza procedura<\/strong><\/p>\n\n\n\n<p>W celu usprawnienia i przyspieszenia procesu przyznawania \u015bwiadczenia dobry start zrezygnowano z konieczno\u015bci wydania i dor\u0119czenia decyzji administracyjnej \u2013 b\u0119d\u0105 one wydawane i dor\u0119czane jedynie w przypadku odmowy przyznania wsparcia, a tak\u017ce w sprawach ustalenia nienale\u017cnie pobranego \u015bwiadczenia.<\/p>\n\n\n\n<p><strong>Infolinia w ka\u017cdym regionie<\/strong><\/p>\n\n\n\n<p>We wszystkich wojew\u00f3dztwach zosta\u0142y uruchomione specjalne infolinie, na kt\u00f3rych mo\u017cna uzyska\u0107 informacje dotycz\u0105ce \u015bwiadczenia dobry start. Z infolinii mog\u0105 skorzysta\u0107 rodzice i opiekunowie zainteresowani \u015bwiadczeniem, a tak\u017ce pracownicy samorz\u0105d\u00f3w. Op\u0142ata za po\u0142\u0105czenie jest zgodna z taryf\u0105 operatora. Wykaz numer\u00f3w telefon\u00f3w w urz\u0119dach mo\u017cna znale\u017a\u0107\u00a0<a href=\"https:\/\/www.mpips.gov.pl\/aktualnosci-wszystkie\/dobry-start\/art,10012,swiadczenie-dobry-start-infolinie-w-regionach.html\">tutaj<\/a>.<\/p>\n\n\n\n<p class=\"has-text-align-center\"><a rel=\"noreferrer noopener\" href=\"https:\/\/www.gov.pl\/web\/rodzina\/wzor-wniosku-o-swiadczenie-dobry-start\" target=\"_blank\">Wz\u00f3r wniosku o \u015bwiadczenie dobry start<\/a><\/p>\n","protected":false},"excerpt":{"rendered":"<p>Program \u201eDobry Start\u201d to inwestycja w edukacj\u0119 polskich dzieci, a zarazem realizacja obietnicy z\u0142o\u017conej przez premiera Mateusza Morawieckiego, kt\u00f3ry zapowiedzia\u0142 wsparcie rodzin w ponoszeniu wydatk\u00f3w zwi\u0105zanych z rozpocz\u0119ciem roku szkolnego. Dla kogo \u015bwiadczenie dobry start? \u015awiadczenie dobry start przys\u0142uguje raz w roku na dziecko ucz\u0105ce si\u0119 w szkole a\u017c do uko\u0144czenia przez nie 20 roku &hellip; <\/p>\n<p class=\"link-more\"><a href=\"https:\/\/opskonopnica.pl\/index.php\/o-nas\/\" class=\"more-link\">Czytaj dalej<span class=\"screen-reader-text\"> \u201eDobry start\u201d<\/span><\/a><\/p>\n","protected":false},"author":1,"featured_media":0,"parent":0,"menu_order":0,"comment_status":"closed","ping_status":"closed","template":"","meta":{"footnotes":""},"class_list":["post-7","page","type-page","status-publish","hentry"],"_links":{"self":[{"href":"https:\/\/opskonopnica.pl\/index.php\/wp-json\/wp\/v2\/pages\/7","targetHints":{"allow":["GET"]}}],"collection":[{"href":"https:\/\/opskonopnica.pl\/index.php\/wp-json\/wp\/v2\/pages"}],"about":[{"href":"https:\/\/opskonopnica.pl\/index.php\/wp-json\/wp\/v2\/types\/page"}],"author":[{"embeddable":true,"href":"https:\/\/opskonopnica.pl\/index.php\/wp-json\/wp\/v2\/users\/1"}],"replies":[{"embeddable":true,"href":"https:\/\/opskonopnica.pl\/index.php\/wp-json\/wp\/v2\/comments?post=7"}],"version-history":[{"count":3,"href":"https:\/\/opskonopnica.pl\/index.php\/wp-json\/wp\/v2\/pages\/7\/revisions"}],"predecessor-version":[{"id":38,"href":"https:\/\/opskonopnica.pl\/index.php\/wp-json\/wp\/v2\/pages\/7\/revisions\/38"}],"wp:attachment":[{"href":"https:\/\/opskonopnica.pl\/index.php\/wp-json\/wp\/v2\/media?parent=7"}],"curies":[{"name":"wp","href":"https:\/\/api.w.org\/{rel}","templated":true}]}}